{"id":609,"date":"2024-11-20T19:28:41","date_gmt":"2024-11-20T18:28:41","guid":{"rendered":"https:\/\/dual-ethik.fr\/?post_type=product&#038;p=609"},"modified":"2025-11-09T18:17:37","modified_gmt":"2025-11-09T17:17:37","slug":"coffret-2-savons","status":"publish","type":"product","link":"https:\/\/dual-ethik.fr\/index.php\/produit\/coffret-2-savons\/","title":{"rendered":"Coffret 2 savons"},"content":{"rendered":"\t\t<div data-elementor-type=\"product-post\" data-elementor-id=\"609\" class=\"elementor elementor-609\" data-elementor-post-type=\"product\">\n\t\t\t\t<div class=\"elementor-element elementor-element-1cb6db1 e-flex e-con-boxed e-con e-parent\" data-id=\"1cb6db1\" data-element_type=\"container\" data-e-type=\"container\">\n\t\t\t\t\t<div class=\"e-con-inner\">\n\t\t\t\t<div class=\"elementor-element elementor-element-48220f2b elementor-widget elementor-widget-text-editor\" data-id=\"48220f2b\" data-element_type=\"widget\" data-e-type=\"widget\" data-widget_type=\"text-editor.default\">\n\t\t\t\t<div class=\"elementor-widget-container\">\n\t\t\t\t\t\t\t\t\t&nbsp;\n\n&nbsp;\t\t\t\t\t\t\t\t<\/div>\n\t\t\t\t<\/div>\n\t\t\t\t\t<\/div>\n\t\t\t\t<\/div>\n\t\t<div class=\"elementor-element elementor-element-5255cc2 e-flex e-con-boxed e-con e-parent\" data-id=\"5255cc2\" data-element_type=\"container\" data-e-type=\"container\">\n\t\t\t\t\t<div class=\"e-con-inner\">\n\t\t\t\t<div class=\"elementor-element elementor-element-9780629 elementor-widget elementor-widget-heading\" data-id=\"9780629\" data-element_type=\"widget\" data-e-type=\"widget\" data-widget_type=\"heading.default\">\n\t\t\t\t<div class=\"elementor-widget-container\">\n\t\t\t\t\t<h2 class=\"elementor-heading-title elementor-size-default\">Offrez un moment de douceur avec ce coffret \u00e0 personnaliser<\/h2>\t\t\t\t<\/div>\n\t\t\t\t<\/div>\n\t\t\t\t<div class=\"elementor-element elementor-element-b46b72e elementor-widget elementor-widget-text-editor\" data-id=\"b46b72e\" data-element_type=\"widget\" data-e-type=\"widget\" data-widget_type=\"text-editor.default\">\n\t\t\t\t<div class=\"elementor-widget-container\">\n\t\t\t\t\t\t\t\t\t<p>Bienvenue dans mon univers ! Je suis ravie de vous proposer un coffret unique qui allie soin, plaisir et personnalisation.<\/p><p>Avec ce coffret, vous choisissez 2 savons parmi mes savons artisanaux, et vous pouvez m\u00eame ajouter des accessoires pour une exp\u00e9rience encore plus compl\u00e8te.<\/p>\t\t\t\t\t\t\t\t<\/div>\n\t\t\t\t<\/div>\n\t\t\t\t<div class=\"elementor-element elementor-element-2d94d41 elementor-widget elementor-widget-heading\" data-id=\"2d94d41\" data-element_type=\"widget\" data-e-type=\"widget\" data-widget_type=\"heading.default\">\n\t\t\t\t<div class=\"elementor-widget-container\">\n\t\t\t\t\t<h3 class=\"elementor-heading-title elementor-size-default\">Pourquoi choisir ce coffret ?<\/h3>\t\t\t\t<\/div>\n\t\t\t\t<\/div>\n\t\t\t\t<div class=\"elementor-element elementor-element-2c28196 elementor-widget elementor-widget-text-editor\" data-id=\"2c28196\" data-element_type=\"widget\" data-e-type=\"widget\" data-widget_type=\"text-editor.default\">\n\t\t\t\t<div class=\"elementor-widget-container\">\n\t\t\t\t\t\t\t\t\t<ul><li><strong>Des savons artisanaux<\/strong> fabriqu\u00e9s avec amour et des ingr\u00e9dients issues de l&rsquo;agriculture biologique.<\/li><li><strong>Une personnalisation totale<\/strong> : choisissez vos parfums pr\u00e9f\u00e9r\u00e9s parmi ma gamme.<\/li><li><strong>Un cadeau id\u00e9al<\/strong> : pour vous ou vos proches, une touche de douceur qui fait toujours plaisir.<\/li><li><strong>Ajoutez des accessoires<\/strong> : porte-savons, \u00e9ponges naturelles&#8230; pour compl\u00e9ter votre coffret.<\/li><\/ul><p><!-- notionvc: 0014026b-be3b-4d51-8234-534b46e36bb0 --><\/p>\t\t\t\t\t\t\t\t<\/div>\n\t\t\t\t<\/div>\n\t\t\t\t<div class=\"elementor-element elementor-element-6ce680d elementor-widget elementor-widget-heading\" data-id=\"6ce680d\" data-element_type=\"widget\" data-e-type=\"widget\" data-widget_type=\"heading.default\">\n\t\t\t\t<div class=\"elementor-widget-container\">\n\t\t\t\t\t<h3 class=\"elementor-heading-title elementor-size-default\">Comment \u00e7a fonctionne ?<\/h3>\t\t\t\t<\/div>\n\t\t\t\t<\/div>\n\t\t\t\t<div class=\"elementor-element elementor-element-0807249 elementor-widget elementor-widget-text-editor\" data-id=\"0807249\" data-element_type=\"widget\" data-e-type=\"widget\" data-widget_type=\"text-editor.default\">\n\t\t\t\t<div class=\"elementor-widget-container\">\n\t\t\t\t\t\t\t\t\t<ol><li>Parcourez ma collection de savons et s\u00e9lectionnez vos 4 pr\u00e9f\u00e9r\u00e9s.<\/li><li>Ajoutez les accessoires de votre choix, si vous le souhaitez.<\/li><li>Recevez votre coffret pr\u00e9par\u00e9 avec soin, pr\u00eat \u00e0 \u00eatre offert ou utilis\u00e9.<\/li><\/ol><p><!-- notionvc: a38030cf-5798-4d3d-8027-66a095445c69 --><\/p>\t\t\t\t\t\t\t\t<\/div>\n\t\t\t\t<\/div>\n\t\t\t\t\t<\/div>\n\t\t\t\t<\/div>\n\t\t\t\t<\/div>\n\t\t","protected":false},"excerpt":{"rendered":"<p>Ce coffret kraft est compos\u00e9 de 2 savons et des accessoires propos\u00e9s de votre choix.<\/p>\n<p>A vous de choisir !<\/p>\n","protected":false},"featured_media":639,"template":"","meta":[],"product_brand":[],"product_cat":[30],"product_tag":[],"class_list":{"0":"post-609","1":"product","2":"type-product","3":"status-publish","4":"has-post-thumbnail","6":"product_cat-coffrets","8":"first","9":"instock","10":"shipping-taxable","11":"purchasable","12":"product-type-variable"},"yoast_head":"<!-- This site is optimized with the Yoast SEO plugin v27.5 - https:\/\/yoast.com\/product\/yoast-seo-wordpress\/ -->\n<title>Coffret 2 savons - Dual&#039;Ethik<\/title>\n<meta name=\"description\" content=\"Coffret 2 savons \u00e0 personnaliser avec les savons et accessoires de votre choix pour No\u00ebl 2024. Savonnerie artisanale \u00e0 Plo\u00ebrmel\" \/>\n<meta name=\"robots\" content=\"index, follow, max-snippet:-1, max-image-preview:large, max-video-preview:-1\" \/>\n<link rel=\"canonical\" href=\"https:\/\/dual-ethik.fr\/index.php\/produit\/coffret-2-savons\/\" \/>\n<meta property=\"og:locale\" content=\"fr_FR\" \/>\n<meta property=\"og:type\" content=\"article\" \/>\n<meta property=\"og:title\" content=\"Coffret 2 savons - Dual&#039;Ethik\" \/>\n<meta property=\"og:description\" content=\"Coffret 2 savons \u00e0 personnaliser avec les savons et accessoires de votre choix pour No\u00ebl 2024. Savonnerie artisanale \u00e0 Plo\u00ebrmel\" \/>\n<meta property=\"og:url\" content=\"https:\/\/dual-ethik.fr\/index.php\/produit\/coffret-2-savons\/\" \/>\n<meta property=\"og:site_name\" content=\"Dual&#039;Ethik\" \/>\n<meta property=\"article:modified_time\" content=\"2025-11-09T17:17:37+00:00\" \/>\n<meta property=\"og:image\" content=\"https:\/\/dual-ethik.fr\/wp-content\/uploads\/2024\/11\/image00006.jpeg\" \/>\n\t<meta property=\"og:image:width\" content=\"1248\" \/>\n\t<meta property=\"og:image:height\" content=\"832\" \/>\n\t<meta property=\"og:image:type\" content=\"image\/jpeg\" \/>\n<meta name=\"twitter:card\" content=\"summary_large_image\" \/>\n<meta name=\"twitter:label1\" content=\"Disponibilit\u00e9\" \/>\n\t<meta name=\"twitter:data1\" content=\"En stock\" \/>\n<script type=\"application\/ld+json\" class=\"yoast-schema-graph\">{\"@context\":\"https:\\\/\\\/schema.org\",\"@graph\":[{\"@type\":\"WebPage\",\"@id\":\"https:\\\/\\\/dual-ethik.fr\\\/index.php\\\/produit\\\/coffret-2-savons\\\/\",\"url\":\"https:\\\/\\\/dual-ethik.fr\\\/index.php\\\/produit\\\/coffret-2-savons\\\/\",\"name\":\"Coffret 2 savons - Dual&#039;Ethik\",\"isPartOf\":{\"@id\":\"https:\\\/\\\/dual-ethik.fr\\\/#website\"},\"primaryImageOfPage\":{\"@id\":\"https:\\\/\\\/dual-ethik.fr\\\/index.php\\\/produit\\\/coffret-2-savons\\\/#primaryimage\"},\"image\":{\"@id\":\"https:\\\/\\\/dual-ethik.fr\\\/index.php\\\/produit\\\/coffret-2-savons\\\/#primaryimage\"},\"thumbnailUrl\":\"https:\\\/\\\/dual-ethik.fr\\\/wp-content\\\/uploads\\\/2024\\\/11\\\/image00006.jpeg\",\"datePublished\":\"2024-11-20T18:28:41+00:00\",\"dateModified\":\"2025-11-09T17:17:37+00:00\",\"description\":\"Coffret 2 savons \u00e0 personnaliser avec les savons et accessoires de votre choix pour No\u00ebl 2024. Savonnerie artisanale \u00e0 Plo\u00ebrmel\",\"breadcrumb\":{\"@id\":\"https:\\\/\\\/dual-ethik.fr\\\/index.php\\\/produit\\\/coffret-2-savons\\\/#breadcrumb\"},\"inLanguage\":\"fr-FR\",\"potentialAction\":[{\"@type\":\"ReadAction\",\"target\":[\"https:\\\/\\\/dual-ethik.fr\\\/index.php\\\/produit\\\/coffret-2-savons\\\/\"]}]},{\"@type\":\"ImageObject\",\"inLanguage\":\"fr-FR\",\"@id\":\"https:\\\/\\\/dual-ethik.fr\\\/index.php\\\/produit\\\/coffret-2-savons\\\/#primaryimage\",\"url\":\"https:\\\/\\\/dual-ethik.fr\\\/wp-content\\\/uploads\\\/2024\\\/11\\\/image00006.jpeg\",\"contentUrl\":\"https:\\\/\\\/dual-ethik.fr\\\/wp-content\\\/uploads\\\/2024\\\/11\\\/image00006.jpeg\",\"width\":1248,\"height\":832,\"caption\":\"Coffret cadeau 2 savons et accessoire\"},{\"@type\":\"BreadcrumbList\",\"@id\":\"https:\\\/\\\/dual-ethik.fr\\\/index.php\\\/produit\\\/coffret-2-savons\\\/#breadcrumb\",\"itemListElement\":[{\"@type\":\"ListItem\",\"position\":1,\"name\":\"Accueil\",\"item\":\"https:\\\/\\\/dual-ethik.fr\\\/\"},{\"@type\":\"ListItem\",\"position\":2,\"name\":\"Produits\",\"item\":\"https:\\\/\\\/dual-ethik.fr\\\/index.php\\\/shop\\\/\"},{\"@type\":\"ListItem\",\"position\":3,\"name\":\"Coffret 2 savons\"}]},{\"@type\":\"WebSite\",\"@id\":\"https:\\\/\\\/dual-ethik.fr\\\/#website\",\"url\":\"https:\\\/\\\/dual-ethik.fr\\\/\",\"name\":\"Dual'Ethik\",\"description\":\"\",\"publisher\":{\"@id\":\"https:\\\/\\\/dual-ethik.fr\\\/#organization\"},\"potentialAction\":[{\"@type\":\"SearchAction\",\"target\":{\"@type\":\"EntryPoint\",\"urlTemplate\":\"https:\\\/\\\/dual-ethik.fr\\\/?s={search_term_string}\"},\"query-input\":{\"@type\":\"PropertyValueSpecification\",\"valueRequired\":true,\"valueName\":\"search_term_string\"}}],\"inLanguage\":\"fr-FR\"},{\"@type\":\"Organization\",\"@id\":\"https:\\\/\\\/dual-ethik.fr\\\/#organization\",\"name\":\"Dual'Ethik\",\"url\":\"https:\\\/\\\/dual-ethik.fr\\\/\",\"logo\":{\"@type\":\"ImageObject\",\"inLanguage\":\"fr-FR\",\"@id\":\"https:\\\/\\\/dual-ethik.fr\\\/#\\\/schema\\\/logo\\\/image\\\/\",\"url\":\"https:\\\/\\\/dual-ethik.fr\\\/wp-content\\\/uploads\\\/2025\\\/02\\\/logo-dual-ethik.png\",\"contentUrl\":\"https:\\\/\\\/dual-ethik.fr\\\/wp-content\\\/uploads\\\/2025\\\/02\\\/logo-dual-ethik.png\",\"width\":100,\"height\":80,\"caption\":\"Dual'Ethik\"},\"image\":{\"@id\":\"https:\\\/\\\/dual-ethik.fr\\\/#\\\/schema\\\/logo\\\/image\\\/\"}}]}<\/script>\n<meta property=\"og:availability\" content=\"instock\" \/>\n<meta property=\"product:availability\" content=\"instock\" \/>\n<meta property=\"product:retailer_item_id\" content=\"Coffret 2\" \/>\n<meta property=\"product:condition\" content=\"new\" \/>\n<!-- \/ Yoast SEO plugin. -->","yoast_head_json":{"title":"Coffret 2 savons - Dual&#039;Ethik","description":"Coffret 2 savons \u00e0 personnaliser avec les savons et accessoires de votre choix pour No\u00ebl 2024. Savonnerie artisanale \u00e0 Plo\u00ebrmel","robots":{"index":"index","follow":"follow","max-snippet":"max-snippet:-1","max-image-preview":"max-image-preview:large","max-video-preview":"max-video-preview:-1"},"canonical":"https:\/\/dual-ethik.fr\/index.php\/produit\/coffret-2-savons\/","og_locale":"fr_FR","og_type":"article","og_title":"Coffret 2 savons - Dual&#039;Ethik","og_description":"Coffret 2 savons \u00e0 personnaliser avec les savons et accessoires de votre choix pour No\u00ebl 2024. Savonnerie artisanale \u00e0 Plo\u00ebrmel","og_url":"https:\/\/dual-ethik.fr\/index.php\/produit\/coffret-2-savons\/","og_site_name":"Dual&#039;Ethik","article_modified_time":"2025-11-09T17:17:37+00:00","og_image":[{"width":1248,"height":832,"url":"https:\/\/dual-ethik.fr\/wp-content\/uploads\/2024\/11\/image00006.jpeg","type":"image\/jpeg"}],"twitter_card":"summary_large_image","twitter_misc":{"Disponibilit\u00e9":"En stock"},"schema":{"@context":"https:\/\/schema.org","@graph":[{"@type":"WebPage","@id":"https:\/\/dual-ethik.fr\/index.php\/produit\/coffret-2-savons\/","url":"https:\/\/dual-ethik.fr\/index.php\/produit\/coffret-2-savons\/","name":"Coffret 2 savons - Dual&#039;Ethik","isPartOf":{"@id":"https:\/\/dual-ethik.fr\/#website"},"primaryImageOfPage":{"@id":"https:\/\/dual-ethik.fr\/index.php\/produit\/coffret-2-savons\/#primaryimage"},"image":{"@id":"https:\/\/dual-ethik.fr\/index.php\/produit\/coffret-2-savons\/#primaryimage"},"thumbnailUrl":"https:\/\/dual-ethik.fr\/wp-content\/uploads\/2024\/11\/image00006.jpeg","datePublished":"2024-11-20T18:28:41+00:00","dateModified":"2025-11-09T17:17:37+00:00","description":"Coffret 2 savons \u00e0 personnaliser avec les savons et accessoires de votre choix pour No\u00ebl 2024. Savonnerie artisanale \u00e0 Plo\u00ebrmel","breadcrumb":{"@id":"https:\/\/dual-ethik.fr\/index.php\/produit\/coffret-2-savons\/#breadcrumb"},"inLanguage":"fr-FR","potentialAction":[{"@type":"ReadAction","target":["https:\/\/dual-ethik.fr\/index.php\/produit\/coffret-2-savons\/"]}]},{"@type":"ImageObject","inLanguage":"fr-FR","@id":"https:\/\/dual-ethik.fr\/index.php\/produit\/coffret-2-savons\/#primaryimage","url":"https:\/\/dual-ethik.fr\/wp-content\/uploads\/2024\/11\/image00006.jpeg","contentUrl":"https:\/\/dual-ethik.fr\/wp-content\/uploads\/2024\/11\/image00006.jpeg","width":1248,"height":832,"caption":"Coffret cadeau 2 savons et accessoire"},{"@type":"BreadcrumbList","@id":"https:\/\/dual-ethik.fr\/index.php\/produit\/coffret-2-savons\/#breadcrumb","itemListElement":[{"@type":"ListItem","position":1,"name":"Accueil","item":"https:\/\/dual-ethik.fr\/"},{"@type":"ListItem","position":2,"name":"Produits","item":"https:\/\/dual-ethik.fr\/index.php\/shop\/"},{"@type":"ListItem","position":3,"name":"Coffret 2 savons"}]},{"@type":"WebSite","@id":"https:\/\/dual-ethik.fr\/#website","url":"https:\/\/dual-ethik.fr\/","name":"Dual'Ethik","description":"","publisher":{"@id":"https:\/\/dual-ethik.fr\/#organization"},"potentialAction":[{"@type":"SearchAction","target":{"@type":"EntryPoint","urlTemplate":"https:\/\/dual-ethik.fr\/?s={search_term_string}"},"query-input":{"@type":"PropertyValueSpecification","valueRequired":true,"valueName":"search_term_string"}}],"inLanguage":"fr-FR"},{"@type":"Organization","@id":"https:\/\/dual-ethik.fr\/#organization","name":"Dual'Ethik","url":"https:\/\/dual-ethik.fr\/","logo":{"@type":"ImageObject","inLanguage":"fr-FR","@id":"https:\/\/dual-ethik.fr\/#\/schema\/logo\/image\/","url":"https:\/\/dual-ethik.fr\/wp-content\/uploads\/2025\/02\/logo-dual-ethik.png","contentUrl":"https:\/\/dual-ethik.fr\/wp-content\/uploads\/2025\/02\/logo-dual-ethik.png","width":100,"height":80,"caption":"Dual'Ethik"},"image":{"@id":"https:\/\/dual-ethik.fr\/#\/schema\/logo\/image\/"}}]},"og_availability":"instock","product_availability":"instock","product_retailer_item_id":"Coffret 2","product_condition":"new"},"_links":{"self":[{"href":"https:\/\/dual-ethik.fr\/index.php\/wp-json\/wp\/v2\/product\/609","targetHints":{"allow":["GET"]}}],"collection":[{"href":"https:\/\/dual-ethik.fr\/index.php\/wp-json\/wp\/v2\/product"}],"about":[{"href":"https:\/\/dual-ethik.fr\/index.php\/wp-json\/wp\/v2\/types\/product"}],"version-history":[{"count":10,"href":"https:\/\/dual-ethik.fr\/index.php\/wp-json\/wp\/v2\/product\/609\/revisions"}],"predecessor-version":[{"id":1705,"href":"https:\/\/dual-ethik.fr\/index.php\/wp-json\/wp\/v2\/product\/609\/revisions\/1705"}],"wp:featuredmedia":[{"embeddable":true,"href":"https:\/\/dual-ethik.fr\/index.php\/wp-json\/wp\/v2\/media\/639"}],"wp:attachment":[{"href":"https:\/\/dual-ethik.fr\/index.php\/wp-json\/wp\/v2\/media?parent=609"}],"wp:term":[{"taxonomy":"product_brand","embeddable":true,"href":"https:\/\/dual-ethik.fr\/index.php\/wp-json\/wp\/v2\/product_brand?post=609"},{"taxonomy":"product_cat","embeddable":true,"href":"https:\/\/dual-ethik.fr\/index.php\/wp-json\/wp\/v2\/product_cat?post=609"},{"taxonomy":"product_tag","embeddable":true,"href":"https:\/\/dual-ethik.fr\/index.php\/wp-json\/wp\/v2\/product_tag?post=609"}],"curies":[{"name":"wp","href":"https:\/\/api.w.org\/{rel}","templated":true}]}}