{"id":2821,"date":"2025-11-10T14:50:30","date_gmt":"2025-11-10T13:50:30","guid":{"rendered":"https:\/\/dual-ethik.fr\/?post_type=product&#038;p=2821"},"modified":"2025-12-04T16:49:41","modified_gmt":"2025-12-04T15:49:41","slug":"carte-cadeau-joyeuses-fetes","status":"publish","type":"product","link":"https:\/\/dual-ethik.fr\/index.php\/produit\/carte-cadeau-joyeuses-fetes\/","title":{"rendered":"Carte cadeau \u00ab\u00a0Joyeuses f\u00eates\u00a0\u00bb"},"content":{"rendered":"\t\t<div data-elementor-type=\"product-post\" data-elementor-id=\"2821\" class=\"elementor elementor-2821\" data-elementor-post-type=\"product\">\n\t\t\t\t<div class=\"elementor-element elementor-element-e22475d e-flex e-con-boxed e-con e-parent\" data-id=\"e22475d\" data-element_type=\"container\" data-e-type=\"container\">\n\t\t\t\t\t<div class=\"e-con-inner\">\n\t\t\t\t<div class=\"elementor-element elementor-element-2636cab elementor-widget elementor-widget-heading\" data-id=\"2636cab\" data-element_type=\"widget\" data-e-type=\"widget\" data-widget_type=\"heading.default\">\n\t\t\t\t<div class=\"elementor-widget-container\">\n\t\t\t\t\t<h2 class=\"elementor-heading-title elementor-size-default\">Une attention d\u00e9licate pour les f\u00eates<\/h2>\t\t\t\t<\/div>\n\t\t\t\t<\/div>\n\t\t\t\t\t<\/div>\n\t\t\t\t<\/div>\n\t\t<div class=\"elementor-element elementor-element-1b61594 e-flex e-con-boxed e-con e-parent\" data-id=\"1b61594\" data-element_type=\"container\" data-e-type=\"container\">\n\t\t\t\t\t<div class=\"e-con-inner\">\n\t\t\t\t<div class=\"elementor-element elementor-element-f619368 elementor-widget elementor-widget-text-editor\" data-id=\"f619368\" data-element_type=\"widget\" data-e-type=\"widget\" data-widget_type=\"text-editor.default\">\n\t\t\t\t<div class=\"elementor-widget-container\">\n\t\t\t\t\t\t\t\t\t<p><strong>La carte cadeau \u00ab\u00a0Joyeuses f\u00eates\u00a0\u00bb<\/strong> c\u00e9l\u00e8bre la beaut\u00e9 des attentions sinc\u00e8res. Elle permet d&rsquo;offrir <strong>mes savons et cosm\u00e9tiques bretons<\/strong> faits \u00e0 la main dans mon atelier pr\u00e8s de Broc\u00e9liande. Une belle mani\u00e8re de transmettre un peu de douceur et d&rsquo;artisanat \u00e0 vos proches.<\/p>\t\t\t\t\t\t\t\t<\/div>\n\t\t\t\t<\/div>\n\t\t\t\t\t<\/div>\n\t\t\t\t<\/div>\n\t\t<div class=\"elementor-element elementor-element-e42dcf7 e-flex e-con-boxed e-con e-parent\" data-id=\"e42dcf7\" data-element_type=\"container\" data-e-type=\"container\">\n\t\t\t\t\t<div class=\"e-con-inner\">\n\t\t\t\t<div class=\"elementor-element elementor-element-253d36e elementor-widget elementor-widget-heading\" data-id=\"253d36e\" data-element_type=\"widget\" data-e-type=\"widget\" data-widget_type=\"heading.default\">\n\t\t\t\t<div class=\"elementor-widget-container\">\n\t\t\t\t\t<h2 class=\"elementor-heading-title elementor-size-default\">Libert\u00e9, simplicit\u00e9 et authenticit\u00e9<\/h2>\t\t\t\t<\/div>\n\t\t\t\t<\/div>\n\t\t\t\t\t<\/div>\n\t\t\t\t<\/div>\n\t\t<div class=\"elementor-element elementor-element-d2610db e-flex e-con-boxed e-con e-parent\" data-id=\"d2610db\" data-element_type=\"container\" data-e-type=\"container\">\n\t\t\t\t\t<div class=\"e-con-inner\">\n\t\t\t\t<div class=\"elementor-element elementor-element-7e5b6f1 elementor-widget elementor-widget-text-editor\" data-id=\"7e5b6f1\" data-element_type=\"widget\" data-e-type=\"widget\" data-widget_type=\"text-editor.default\">\n\t\t\t\t<div class=\"elementor-widget-container\">\n\t\t\t\t\t\t\t\t\t<p>Que ce soit pour No\u00ebl ou la nouvelle ann\u00e9e, cette carte cadeau s&rsquo;adapte \u00e0 toutes les envies. Valable sur toute la boutique en ligne Dual&rsquo;Ethik pendant 1 an, elle incarne <strong>la simplicit\u00e9, la chaleur et l&rsquo;authenticit\u00e9<\/strong> d&rsquo;un cadeau fait main.<\/p><p>Si vous souhaitez l\u2019imprimer pour l\u2019offrir, notez votre adresse e-mail \u00e0 la place de celui du destinataire, sinon il va le recevoir imm\u00e9diatement.<\/p><p>Offrez un moment de douceur avec la <b>carte cadeau \u00ab\u00a0Joyeuses f\u00eates\u00a0\u00bb<\/b> Dual&rsquo;Ethik !<\/p>\t\t\t\t\t\t\t\t<\/div>\n\t\t\t\t<\/div>\n\t\t\t\t\t<\/div>\n\t\t\t\t<\/div>\n\t\t\t\t<\/div>\n\t\t","protected":false},"excerpt":{"rendered":"<p>Faites plaisir simplement avec la carte cadeau \u00ab\u00a0Joyeuses F\u00eates\u00a0\u00bb Dual&rsquo;Ethik. Offrez la libert\u00e9 de choisir parmi mes savons et cosm\u00e9tiques faits main.<\/p>\n<p>Si vous souhaitez l\u2019imprimer pour l\u2019offrir, notez votre adresse e-mail, \u00e0 la place de celui du destinataire, sinon il va le recevoir imm\u00e9diatement.<\/p>\n","protected":false},"featured_media":2919,"template":"","meta":[],"product_brand":[],"product_cat":[44],"product_tag":[],"class_list":{"0":"post-2821","1":"product","2":"type-product","3":"status-publish","4":"has-post-thumbnail","6":"product_cat-wps_wgm_giftcard","8":"first","9":"instock","10":"shipping-taxable","11":"purchasable","12":"product-type-wgm_gift_card"},"yoast_head":"<!-- This site is optimized with the Yoast SEO plugin v27.5 - https:\/\/yoast.com\/product\/yoast-seo-wordpress\/ -->\n<title>Carte cadeau &quot;Joyeuses f\u00eates&quot; - Dual&#039;Ethik<\/title>\n<meta name=\"description\" content=\"C\u00e9l\u00e9brez les f\u00eates de fin d&#039;ann\u00e9e avec la carte cadeau &quot;Joyeuses F\u00eates&quot; Dual&#039;Ethik. Offrez des savons artisanaux pour un cadeau plein de douceur\" \/>\n<meta name=\"robots\" content=\"index, follow, max-snippet:-1, max-image-preview:large, max-video-preview:-1\" \/>\n<link rel=\"canonical\" href=\"https:\/\/dual-ethik.fr\/index.php\/produit\/carte-cadeau-joyeuses-fetes\/\" \/>\n<meta property=\"og:locale\" content=\"fr_FR\" \/>\n<meta property=\"og:type\" content=\"article\" \/>\n<meta property=\"og:title\" content=\"Carte cadeau &quot;Joyeuses f\u00eates&quot; - Dual&#039;Ethik\" \/>\n<meta property=\"og:description\" content=\"C\u00e9l\u00e9brez les f\u00eates de fin d&#039;ann\u00e9e avec la carte cadeau &quot;Joyeuses F\u00eates&quot; Dual&#039;Ethik. Offrez des savons artisanaux pour un cadeau plein de douceur\" \/>\n<meta property=\"og:url\" content=\"https:\/\/dual-ethik.fr\/index.php\/produit\/carte-cadeau-joyeuses-fetes\/\" \/>\n<meta property=\"og:site_name\" content=\"Dual&#039;Ethik\" \/>\n<meta property=\"article:modified_time\" content=\"2025-12-04T15:49:41+00:00\" \/>\n<meta property=\"og:image\" content=\"https:\/\/dual-ethik.fr\/wp-content\/uploads\/2025\/11\/carte-noel-dual-ethik.jpeg\" \/>\n\t<meta property=\"og:image:width\" content=\"869\" \/>\n\t<meta property=\"og:image:height\" content=\"1300\" \/>\n\t<meta property=\"og:image:type\" content=\"image\/jpeg\" \/>\n<meta name=\"twitter:card\" content=\"summary_large_image\" \/>\n<meta name=\"twitter:label1\" content=\"Prix\" \/>\n\t<meta name=\"twitter:data1\" content=\"15,00&nbsp;&euro;\" \/>\n\t<meta name=\"twitter:label2\" content=\"Disponibilit\u00e9\" \/>\n\t<meta name=\"twitter:data2\" content=\"En stock\" \/>\n<script type=\"application\/ld+json\" class=\"yoast-schema-graph\">{\"@context\":\"https:\\\/\\\/schema.org\",\"@graph\":[{\"@type\":\"WebPage\",\"@id\":\"https:\\\/\\\/dual-ethik.fr\\\/index.php\\\/produit\\\/carte-cadeau-joyeuses-fetes\\\/\",\"url\":\"https:\\\/\\\/dual-ethik.fr\\\/index.php\\\/produit\\\/carte-cadeau-joyeuses-fetes\\\/\",\"name\":\"Carte cadeau \\\"Joyeuses f\u00eates\\\" - Dual&#039;Ethik\",\"isPartOf\":{\"@id\":\"https:\\\/\\\/dual-ethik.fr\\\/#website\"},\"primaryImageOfPage\":{\"@id\":\"https:\\\/\\\/dual-ethik.fr\\\/index.php\\\/produit\\\/carte-cadeau-joyeuses-fetes\\\/#primaryimage\"},\"image\":{\"@id\":\"https:\\\/\\\/dual-ethik.fr\\\/index.php\\\/produit\\\/carte-cadeau-joyeuses-fetes\\\/#primaryimage\"},\"thumbnailUrl\":\"https:\\\/\\\/dual-ethik.fr\\\/wp-content\\\/uploads\\\/2025\\\/11\\\/carte-noel-dual-ethik.jpeg\",\"datePublished\":\"2025-11-10T13:50:30+00:00\",\"dateModified\":\"2025-12-04T15:49:41+00:00\",\"description\":\"C\u00e9l\u00e9brez les f\u00eates de fin d'ann\u00e9e avec la carte cadeau \\\"Joyeuses F\u00eates\\\" Dual'Ethik. Offrez des savons artisanaux pour un cadeau plein de douceur\",\"breadcrumb\":{\"@id\":\"https:\\\/\\\/dual-ethik.fr\\\/index.php\\\/produit\\\/carte-cadeau-joyeuses-fetes\\\/#breadcrumb\"},\"inLanguage\":\"fr-FR\",\"potentialAction\":[{\"@type\":\"ReadAction\",\"target\":[\"https:\\\/\\\/dual-ethik.fr\\\/index.php\\\/produit\\\/carte-cadeau-joyeuses-fetes\\\/\"]}]},{\"@type\":\"ImageObject\",\"inLanguage\":\"fr-FR\",\"@id\":\"https:\\\/\\\/dual-ethik.fr\\\/index.php\\\/produit\\\/carte-cadeau-joyeuses-fetes\\\/#primaryimage\",\"url\":\"https:\\\/\\\/dual-ethik.fr\\\/wp-content\\\/uploads\\\/2025\\\/11\\\/carte-noel-dual-ethik.jpeg\",\"contentUrl\":\"https:\\\/\\\/dual-ethik.fr\\\/wp-content\\\/uploads\\\/2025\\\/11\\\/carte-noel-dual-ethik.jpeg\",\"width\":869,\"height\":1300,\"caption\":\"Une carte Joyeux no\u00ebl que l'on vient de sortir de son enveloppe\"},{\"@type\":\"BreadcrumbList\",\"@id\":\"https:\\\/\\\/dual-ethik.fr\\\/index.php\\\/produit\\\/carte-cadeau-joyeuses-fetes\\\/#breadcrumb\",\"itemListElement\":[{\"@type\":\"ListItem\",\"position\":1,\"name\":\"Accueil\",\"item\":\"https:\\\/\\\/dual-ethik.fr\\\/\"},{\"@type\":\"ListItem\",\"position\":2,\"name\":\"Produits\",\"item\":\"https:\\\/\\\/dual-ethik.fr\\\/index.php\\\/shop\\\/\"},{\"@type\":\"ListItem\",\"position\":3,\"name\":\"Carte cadeau \u00ab\u00a0Joyeuses f\u00eates\u00a0\u00bb\"}]},{\"@type\":\"WebSite\",\"@id\":\"https:\\\/\\\/dual-ethik.fr\\\/#website\",\"url\":\"https:\\\/\\\/dual-ethik.fr\\\/\",\"name\":\"Dual'Ethik\",\"description\":\"\",\"publisher\":{\"@id\":\"https:\\\/\\\/dual-ethik.fr\\\/#organization\"},\"potentialAction\":[{\"@type\":\"SearchAction\",\"target\":{\"@type\":\"EntryPoint\",\"urlTemplate\":\"https:\\\/\\\/dual-ethik.fr\\\/?s={search_term_string}\"},\"query-input\":{\"@type\":\"PropertyValueSpecification\",\"valueRequired\":true,\"valueName\":\"search_term_string\"}}],\"inLanguage\":\"fr-FR\"},{\"@type\":\"Organization\",\"@id\":\"https:\\\/\\\/dual-ethik.fr\\\/#organization\",\"name\":\"Dual'Ethik\",\"url\":\"https:\\\/\\\/dual-ethik.fr\\\/\",\"logo\":{\"@type\":\"ImageObject\",\"inLanguage\":\"fr-FR\",\"@id\":\"https:\\\/\\\/dual-ethik.fr\\\/#\\\/schema\\\/logo\\\/image\\\/\",\"url\":\"https:\\\/\\\/dual-ethik.fr\\\/wp-content\\\/uploads\\\/2025\\\/02\\\/logo-dual-ethik.png\",\"contentUrl\":\"https:\\\/\\\/dual-ethik.fr\\\/wp-content\\\/uploads\\\/2025\\\/02\\\/logo-dual-ethik.png\",\"width\":100,\"height\":80,\"caption\":\"Dual'Ethik\"},\"image\":{\"@id\":\"https:\\\/\\\/dual-ethik.fr\\\/#\\\/schema\\\/logo\\\/image\\\/\"}}]}<\/script>\n<meta property=\"product:price:amount\" content=\"15.00\" \/>\n<meta property=\"product:price:currency\" content=\"EUR\" \/>\n<meta property=\"og:availability\" content=\"instock\" \/>\n<meta property=\"product:availability\" content=\"instock\" \/>\n<meta property=\"product:condition\" content=\"new\" \/>\n<!-- \/ Yoast SEO plugin. -->","yoast_head_json":{"title":"Carte cadeau \"Joyeuses f\u00eates\" - Dual&#039;Ethik","description":"C\u00e9l\u00e9brez les f\u00eates de fin d'ann\u00e9e avec la carte cadeau \"Joyeuses F\u00eates\" Dual'Ethik. Offrez des savons artisanaux pour un cadeau plein de douceur","robots":{"index":"index","follow":"follow","max-snippet":"max-snippet:-1","max-image-preview":"max-image-preview:large","max-video-preview":"max-video-preview:-1"},"canonical":"https:\/\/dual-ethik.fr\/index.php\/produit\/carte-cadeau-joyeuses-fetes\/","og_locale":"fr_FR","og_type":"article","og_title":"Carte cadeau \"Joyeuses f\u00eates\" - Dual&#039;Ethik","og_description":"C\u00e9l\u00e9brez les f\u00eates de fin d'ann\u00e9e avec la carte cadeau \"Joyeuses F\u00eates\" Dual'Ethik. Offrez des savons artisanaux pour un cadeau plein de douceur","og_url":"https:\/\/dual-ethik.fr\/index.php\/produit\/carte-cadeau-joyeuses-fetes\/","og_site_name":"Dual&#039;Ethik","article_modified_time":"2025-12-04T15:49:41+00:00","og_image":[{"width":869,"height":1300,"url":"https:\/\/dual-ethik.fr\/wp-content\/uploads\/2025\/11\/carte-noel-dual-ethik.jpeg","type":"image\/jpeg"}],"twitter_card":"summary_large_image","twitter_misc":{"Prix":"15,00&nbsp;&euro;","Disponibilit\u00e9":"En stock"},"schema":{"@context":"https:\/\/schema.org","@graph":[{"@type":"WebPage","@id":"https:\/\/dual-ethik.fr\/index.php\/produit\/carte-cadeau-joyeuses-fetes\/","url":"https:\/\/dual-ethik.fr\/index.php\/produit\/carte-cadeau-joyeuses-fetes\/","name":"Carte cadeau \"Joyeuses f\u00eates\" - Dual&#039;Ethik","isPartOf":{"@id":"https:\/\/dual-ethik.fr\/#website"},"primaryImageOfPage":{"@id":"https:\/\/dual-ethik.fr\/index.php\/produit\/carte-cadeau-joyeuses-fetes\/#primaryimage"},"image":{"@id":"https:\/\/dual-ethik.fr\/index.php\/produit\/carte-cadeau-joyeuses-fetes\/#primaryimage"},"thumbnailUrl":"https:\/\/dual-ethik.fr\/wp-content\/uploads\/2025\/11\/carte-noel-dual-ethik.jpeg","datePublished":"2025-11-10T13:50:30+00:00","dateModified":"2025-12-04T15:49:41+00:00","description":"C\u00e9l\u00e9brez les f\u00eates de fin d'ann\u00e9e avec la carte cadeau \"Joyeuses F\u00eates\" Dual'Ethik. Offrez des savons artisanaux pour un cadeau plein de douceur","breadcrumb":{"@id":"https:\/\/dual-ethik.fr\/index.php\/produit\/carte-cadeau-joyeuses-fetes\/#breadcrumb"},"inLanguage":"fr-FR","potentialAction":[{"@type":"ReadAction","target":["https:\/\/dual-ethik.fr\/index.php\/produit\/carte-cadeau-joyeuses-fetes\/"]}]},{"@type":"ImageObject","inLanguage":"fr-FR","@id":"https:\/\/dual-ethik.fr\/index.php\/produit\/carte-cadeau-joyeuses-fetes\/#primaryimage","url":"https:\/\/dual-ethik.fr\/wp-content\/uploads\/2025\/11\/carte-noel-dual-ethik.jpeg","contentUrl":"https:\/\/dual-ethik.fr\/wp-content\/uploads\/2025\/11\/carte-noel-dual-ethik.jpeg","width":869,"height":1300,"caption":"Une carte Joyeux no\u00ebl que l'on vient de sortir de son enveloppe"},{"@type":"BreadcrumbList","@id":"https:\/\/dual-ethik.fr\/index.php\/produit\/carte-cadeau-joyeuses-fetes\/#breadcrumb","itemListElement":[{"@type":"ListItem","position":1,"name":"Accueil","item":"https:\/\/dual-ethik.fr\/"},{"@type":"ListItem","position":2,"name":"Produits","item":"https:\/\/dual-ethik.fr\/index.php\/shop\/"},{"@type":"ListItem","position":3,"name":"Carte cadeau \u00ab\u00a0Joyeuses f\u00eates\u00a0\u00bb"}]},{"@type":"WebSite","@id":"https:\/\/dual-ethik.fr\/#website","url":"https:\/\/dual-ethik.fr\/","name":"Dual'Ethik","description":"","publisher":{"@id":"https:\/\/dual-ethik.fr\/#organization"},"potentialAction":[{"@type":"SearchAction","target":{"@type":"EntryPoint","urlTemplate":"https:\/\/dual-ethik.fr\/?s={search_term_string}"},"query-input":{"@type":"PropertyValueSpecification","valueRequired":true,"valueName":"search_term_string"}}],"inLanguage":"fr-FR"},{"@type":"Organization","@id":"https:\/\/dual-ethik.fr\/#organization","name":"Dual'Ethik","url":"https:\/\/dual-ethik.fr\/","logo":{"@type":"ImageObject","inLanguage":"fr-FR","@id":"https:\/\/dual-ethik.fr\/#\/schema\/logo\/image\/","url":"https:\/\/dual-ethik.fr\/wp-content\/uploads\/2025\/02\/logo-dual-ethik.png","contentUrl":"https:\/\/dual-ethik.fr\/wp-content\/uploads\/2025\/02\/logo-dual-ethik.png","width":100,"height":80,"caption":"Dual'Ethik"},"image":{"@id":"https:\/\/dual-ethik.fr\/#\/schema\/logo\/image\/"}}]},"product_price_amount":"15.00","product_price_currency":"EUR","og_availability":"instock","product_availability":"instock","product_condition":"new"},"_links":{"self":[{"href":"https:\/\/dual-ethik.fr\/index.php\/wp-json\/wp\/v2\/product\/2821","targetHints":{"allow":["GET"]}}],"collection":[{"href":"https:\/\/dual-ethik.fr\/index.php\/wp-json\/wp\/v2\/product"}],"about":[{"href":"https:\/\/dual-ethik.fr\/index.php\/wp-json\/wp\/v2\/types\/product"}],"version-history":[{"count":5,"href":"https:\/\/dual-ethik.fr\/index.php\/wp-json\/wp\/v2\/product\/2821\/revisions"}],"predecessor-version":[{"id":2826,"href":"https:\/\/dual-ethik.fr\/index.php\/wp-json\/wp\/v2\/product\/2821\/revisions\/2826"}],"wp:featuredmedia":[{"embeddable":true,"href":"https:\/\/dual-ethik.fr\/index.php\/wp-json\/wp\/v2\/media\/2919"}],"wp:attachment":[{"href":"https:\/\/dual-ethik.fr\/index.php\/wp-json\/wp\/v2\/media?parent=2821"}],"wp:term":[{"taxonomy":"product_brand","embeddable":true,"href":"https:\/\/dual-ethik.fr\/index.php\/wp-json\/wp\/v2\/product_brand?post=2821"},{"taxonomy":"product_cat","embeddable":true,"href":"https:\/\/dual-ethik.fr\/index.php\/wp-json\/wp\/v2\/product_cat?post=2821"},{"taxonomy":"product_tag","embeddable":true,"href":"https:\/\/dual-ethik.fr\/index.php\/wp-json\/wp\/v2\/product_tag?post=2821"}],"curies":[{"name":"wp","href":"https:\/\/api.w.org\/{rel}","templated":true}]}}