{"id":2815,"date":"2025-11-10T14:29:33","date_gmt":"2025-11-10T13:29:33","guid":{"rendered":"https:\/\/dual-ethik.fr\/?post_type=product&#038;p=2815"},"modified":"2025-12-04T16:46:14","modified_gmt":"2025-12-04T15:46:14","slug":"carte-cadeau-joyeux-noel","status":"publish","type":"product","link":"https:\/\/dual-ethik.fr\/index.php\/produit\/carte-cadeau-joyeux-noel\/","title":{"rendered":"Carte cadeau \u00ab\u00a0Joyeux No\u00ebl\u00a0\u00bb"},"content":{"rendered":"\t\t<div data-elementor-type=\"product-post\" data-elementor-id=\"2815\" class=\"elementor elementor-2815\" data-elementor-post-type=\"product\">\n\t\t\t\t<div class=\"elementor-element elementor-element-6054dc8 e-flex e-con-boxed e-con e-parent\" data-id=\"6054dc8\" data-element_type=\"container\" data-e-type=\"container\">\n\t\t\t\t\t<div class=\"e-con-inner\">\n\t\t\t\t<div class=\"elementor-element elementor-element-49f2fb0 elementor-widget elementor-widget-heading\" data-id=\"49f2fb0\" data-element_type=\"widget\" data-e-type=\"widget\" data-widget_type=\"heading.default\">\n\t\t\t\t<div class=\"elementor-widget-container\">\n\t\t\t\t\t<h2 class=\"elementor-heading-title elementor-size-default\">Offrez un No\u00ebl artisanal<\/h2>\t\t\t\t<\/div>\n\t\t\t\t<\/div>\n\t\t\t\t\t<\/div>\n\t\t\t\t<\/div>\n\t\t<div class=\"elementor-element elementor-element-ee72998 e-flex e-con-boxed e-con e-parent\" data-id=\"ee72998\" data-element_type=\"container\" data-e-type=\"container\">\n\t\t\t\t\t<div class=\"e-con-inner\">\n\t\t\t\t<div class=\"elementor-element elementor-element-2622310 elementor-widget elementor-widget-text-editor\" data-id=\"2622310\" data-element_type=\"widget\" data-e-type=\"widget\" data-widget_type=\"text-editor.default\">\n\t\t\t\t<div class=\"elementor-widget-container\">\n\t\t\t\t\t\t\t\t\t<p><strong>La carte cadeau \u00ab\u00a0Joyeux No\u00ebl\u00a0\u00bb<\/strong> est le pr\u00e9sent parfait pour celles et ceux qui aiment les <strong>savons faits main<\/strong> et les <strong>produits artisanaux<\/strong>. Valable sur l&rsquo;ensemble de la boutique en ligne Dual&rsquo;Ethik, elle permet d&rsquo;offrir un choix libre parmi mes <strong>savons et cosm\u00e9tiques<\/strong> fabriqu\u00e9s en Bretagne, pr\u00e8s de Broc\u00e9liande.<\/p>\t\t\t\t\t\t\t\t<\/div>\n\t\t\t\t<\/div>\n\t\t\t\t\t<\/div>\n\t\t\t\t<\/div>\n\t\t<div class=\"elementor-element elementor-element-736c8b7 e-flex e-con-boxed e-con e-parent\" data-id=\"736c8b7\" data-element_type=\"container\" data-e-type=\"container\">\n\t\t\t\t\t<div class=\"e-con-inner\">\n\t\t\t\t<div class=\"elementor-element elementor-element-820335a elementor-widget elementor-widget-heading\" data-id=\"820335a\" data-element_type=\"widget\" data-e-type=\"widget\" data-widget_type=\"heading.default\">\n\t\t\t\t<div class=\"elementor-widget-container\">\n\t\t\t\t\t<h2 class=\"elementor-heading-title elementor-size-default\">Un cadeau attentionn\u00e9<\/h2>\t\t\t\t<\/div>\n\t\t\t\t<\/div>\n\t\t\t\t\t<\/div>\n\t\t\t\t<\/div>\n\t\t<div class=\"elementor-element elementor-element-21e451a e-flex e-con-boxed e-con e-parent\" data-id=\"21e451a\" data-element_type=\"container\" data-e-type=\"container\">\n\t\t\t\t\t<div class=\"e-con-inner\">\n\t\t\t\t<div class=\"elementor-element elementor-element-8961305 elementor-widget elementor-widget-text-editor\" data-id=\"8961305\" data-element_type=\"widget\" data-e-type=\"widget\" data-widget_type=\"text-editor.default\">\n\t\t\t\t<div class=\"elementor-widget-container\">\n\t\t\t\t\t\t\t\t\t<p>En quelques clics, vous offrez <strong>un moment de douceur<\/strong> : la carte envoy\u00e9e par email ou pr\u00e9sent\u00e9e en version imprim\u00e9e, pr\u00eate \u00e0 glisser sous le sapin. Un cadeau qui soutient une <strong>savonnerie artisanale<\/strong> et fait toujours plaisir.<\/p><p>Si vous souhaitez l&rsquo;imprimer pour l&rsquo;offrir, notez votre adresse email \u00e0 la place de l&#8217;email du destinataire, sinon il va le recevoir imm\u00e9diatement.<\/p><p>Offrez un peu de Bretagne sous le sapin, choisissez la <strong>carte cadeau \u00ab\u00a0Joyeux No\u00ebl\u00a0\u00bb de Dual&rsquo;Ethik<\/strong><\/p>\t\t\t\t\t\t\t\t<\/div>\n\t\t\t\t<\/div>\n\t\t\t\t\t<\/div>\n\t\t\t\t<\/div>\n\t\t\t\t<\/div>\n\t\t","protected":false},"excerpt":{"rendered":"<p>Offrez un No\u00ebl artisanal avec la carte cadeau \u00ab\u00a0Joyeux No\u00ebl\u00a0\u00bb Dual&rsquo;Ethik !<\/p>\n<p>Si vous souhaitez l\u2019imprimer pour l\u2019offrir, notez votre adresse e-mail \u00e0 la place de l&#8217;email du destinataire , sinon il va le recevoir imm\u00e9diatement. place.<\/p>\n","protected":false},"featured_media":2920,"template":"","meta":[],"product_brand":[],"product_cat":[44],"product_tag":[],"class_list":{"0":"post-2815","1":"product","2":"type-product","3":"status-publish","4":"has-post-thumbnail","6":"product_cat-wps_wgm_giftcard","8":"first","9":"instock","10":"shipping-taxable","11":"purchasable","12":"product-type-wgm_gift_card"},"yoast_head":"<!-- This site is optimized with the Yoast SEO plugin v27.5 - https:\/\/yoast.com\/product\/yoast-seo-wordpress\/ -->\n<title>Carte cadeau &quot;Joyeux No\u00ebl&quot;- Dual&#039;Ethik<\/title>\n<meta name=\"description\" content=\"C\u00e9l\u00e9brez les f\u00eates avec la carte-cadeau &quot;Joyeux No\u00ebl&quot; Dual&#039;Ethik. Savons et cosm\u00e9tiques faits main en Bretagne, pour un no\u00ebl plein de douceur.\" \/>\n<meta name=\"robots\" content=\"index, follow, max-snippet:-1, max-image-preview:large, max-video-preview:-1\" \/>\n<link rel=\"canonical\" href=\"https:\/\/dual-ethik.fr\/index.php\/produit\/carte-cadeau-joyeux-noel\/\" \/>\n<meta property=\"og:locale\" content=\"fr_FR\" \/>\n<meta property=\"og:type\" content=\"article\" \/>\n<meta property=\"og:title\" content=\"Carte cadeau &quot;Joyeux No\u00ebl&quot;- Dual&#039;Ethik\" \/>\n<meta property=\"og:description\" content=\"C\u00e9l\u00e9brez les f\u00eates avec la carte-cadeau &quot;Joyeux No\u00ebl&quot; Dual&#039;Ethik. Savons et cosm\u00e9tiques faits main en Bretagne, pour un no\u00ebl plein de douceur.\" \/>\n<meta property=\"og:url\" content=\"https:\/\/dual-ethik.fr\/index.php\/produit\/carte-cadeau-joyeux-noel\/\" \/>\n<meta property=\"og:site_name\" content=\"Dual&#039;Ethik\" \/>\n<meta property=\"article:modified_time\" content=\"2025-12-04T15:46:14+00:00\" \/>\n<meta property=\"og:image\" content=\"https:\/\/dual-ethik.fr\/wp-content\/uploads\/2025\/11\/carte-noel-sapin.jpeg\" \/>\n\t<meta property=\"og:image:width\" content=\"869\" \/>\n\t<meta property=\"og:image:height\" content=\"1300\" \/>\n\t<meta property=\"og:image:type\" content=\"image\/jpeg\" \/>\n<meta name=\"twitter:card\" content=\"summary_large_image\" \/>\n<meta name=\"twitter:label1\" content=\"Prix\" \/>\n\t<meta name=\"twitter:data1\" content=\"15,00&nbsp;&euro;\" \/>\n\t<meta name=\"twitter:label2\" content=\"Disponibilit\u00e9\" \/>\n\t<meta name=\"twitter:data2\" content=\"En stock\" \/>\n<script type=\"application\/ld+json\" class=\"yoast-schema-graph\">{\"@context\":\"https:\\\/\\\/schema.org\",\"@graph\":[{\"@type\":\"WebPage\",\"@id\":\"https:\\\/\\\/dual-ethik.fr\\\/index.php\\\/produit\\\/carte-cadeau-joyeux-noel\\\/\",\"url\":\"https:\\\/\\\/dual-ethik.fr\\\/index.php\\\/produit\\\/carte-cadeau-joyeux-noel\\\/\",\"name\":\"Carte cadeau \\\"Joyeux No\u00ebl\\\"- Dual&#039;Ethik\",\"isPartOf\":{\"@id\":\"https:\\\/\\\/dual-ethik.fr\\\/#website\"},\"primaryImageOfPage\":{\"@id\":\"https:\\\/\\\/dual-ethik.fr\\\/index.php\\\/produit\\\/carte-cadeau-joyeux-noel\\\/#primaryimage\"},\"image\":{\"@id\":\"https:\\\/\\\/dual-ethik.fr\\\/index.php\\\/produit\\\/carte-cadeau-joyeux-noel\\\/#primaryimage\"},\"thumbnailUrl\":\"https:\\\/\\\/dual-ethik.fr\\\/wp-content\\\/uploads\\\/2025\\\/11\\\/carte-noel-sapin.jpeg\",\"datePublished\":\"2025-11-10T13:29:33+00:00\",\"dateModified\":\"2025-12-04T15:46:14+00:00\",\"description\":\"C\u00e9l\u00e9brez les f\u00eates avec la carte-cadeau \\\"Joyeux No\u00ebl\\\" Dual'Ethik. Savons et cosm\u00e9tiques faits main en Bretagne, pour un no\u00ebl plein de douceur.\",\"breadcrumb\":{\"@id\":\"https:\\\/\\\/dual-ethik.fr\\\/index.php\\\/produit\\\/carte-cadeau-joyeux-noel\\\/#breadcrumb\"},\"inLanguage\":\"fr-FR\",\"potentialAction\":[{\"@type\":\"ReadAction\",\"target\":[\"https:\\\/\\\/dual-ethik.fr\\\/index.php\\\/produit\\\/carte-cadeau-joyeux-noel\\\/\"]}]},{\"@type\":\"ImageObject\",\"inLanguage\":\"fr-FR\",\"@id\":\"https:\\\/\\\/dual-ethik.fr\\\/index.php\\\/produit\\\/carte-cadeau-joyeux-noel\\\/#primaryimage\",\"url\":\"https:\\\/\\\/dual-ethik.fr\\\/wp-content\\\/uploads\\\/2025\\\/11\\\/carte-noel-sapin.jpeg\",\"contentUrl\":\"https:\\\/\\\/dual-ethik.fr\\\/wp-content\\\/uploads\\\/2025\\\/11\\\/carte-noel-sapin.jpeg\",\"width\":869,\"height\":1300,\"caption\":\"Carte cadeau joyeux Noel dans le sapin\"},{\"@type\":\"BreadcrumbList\",\"@id\":\"https:\\\/\\\/dual-ethik.fr\\\/index.php\\\/produit\\\/carte-cadeau-joyeux-noel\\\/#breadcrumb\",\"itemListElement\":[{\"@type\":\"ListItem\",\"position\":1,\"name\":\"Accueil\",\"item\":\"https:\\\/\\\/dual-ethik.fr\\\/\"},{\"@type\":\"ListItem\",\"position\":2,\"name\":\"Produits\",\"item\":\"https:\\\/\\\/dual-ethik.fr\\\/index.php\\\/shop\\\/\"},{\"@type\":\"ListItem\",\"position\":3,\"name\":\"Carte cadeau \u00ab\u00a0Joyeux No\u00ebl\u00a0\u00bb\"}]},{\"@type\":\"WebSite\",\"@id\":\"https:\\\/\\\/dual-ethik.fr\\\/#website\",\"url\":\"https:\\\/\\\/dual-ethik.fr\\\/\",\"name\":\"Dual'Ethik\",\"description\":\"\",\"publisher\":{\"@id\":\"https:\\\/\\\/dual-ethik.fr\\\/#organization\"},\"potentialAction\":[{\"@type\":\"SearchAction\",\"target\":{\"@type\":\"EntryPoint\",\"urlTemplate\":\"https:\\\/\\\/dual-ethik.fr\\\/?s={search_term_string}\"},\"query-input\":{\"@type\":\"PropertyValueSpecification\",\"valueRequired\":true,\"valueName\":\"search_term_string\"}}],\"inLanguage\":\"fr-FR\"},{\"@type\":\"Organization\",\"@id\":\"https:\\\/\\\/dual-ethik.fr\\\/#organization\",\"name\":\"Dual'Ethik\",\"url\":\"https:\\\/\\\/dual-ethik.fr\\\/\",\"logo\":{\"@type\":\"ImageObject\",\"inLanguage\":\"fr-FR\",\"@id\":\"https:\\\/\\\/dual-ethik.fr\\\/#\\\/schema\\\/logo\\\/image\\\/\",\"url\":\"https:\\\/\\\/dual-ethik.fr\\\/wp-content\\\/uploads\\\/2025\\\/02\\\/logo-dual-ethik.png\",\"contentUrl\":\"https:\\\/\\\/dual-ethik.fr\\\/wp-content\\\/uploads\\\/2025\\\/02\\\/logo-dual-ethik.png\",\"width\":100,\"height\":80,\"caption\":\"Dual'Ethik\"},\"image\":{\"@id\":\"https:\\\/\\\/dual-ethik.fr\\\/#\\\/schema\\\/logo\\\/image\\\/\"}}]}<\/script>\n<meta property=\"product:price:amount\" content=\"15.00\" \/>\n<meta property=\"product:price:currency\" content=\"EUR\" \/>\n<meta property=\"og:availability\" content=\"instock\" \/>\n<meta property=\"product:availability\" content=\"instock\" \/>\n<meta property=\"product:condition\" content=\"new\" \/>\n<!-- \/ Yoast SEO plugin. -->","yoast_head_json":{"title":"Carte cadeau \"Joyeux No\u00ebl\"- Dual&#039;Ethik","description":"C\u00e9l\u00e9brez les f\u00eates avec la carte-cadeau \"Joyeux No\u00ebl\" Dual'Ethik. Savons et cosm\u00e9tiques faits main en Bretagne, pour un no\u00ebl plein de douceur.","robots":{"index":"index","follow":"follow","max-snippet":"max-snippet:-1","max-image-preview":"max-image-preview:large","max-video-preview":"max-video-preview:-1"},"canonical":"https:\/\/dual-ethik.fr\/index.php\/produit\/carte-cadeau-joyeux-noel\/","og_locale":"fr_FR","og_type":"article","og_title":"Carte cadeau \"Joyeux No\u00ebl\"- Dual&#039;Ethik","og_description":"C\u00e9l\u00e9brez les f\u00eates avec la carte-cadeau \"Joyeux No\u00ebl\" Dual'Ethik. Savons et cosm\u00e9tiques faits main en Bretagne, pour un no\u00ebl plein de douceur.","og_url":"https:\/\/dual-ethik.fr\/index.php\/produit\/carte-cadeau-joyeux-noel\/","og_site_name":"Dual&#039;Ethik","article_modified_time":"2025-12-04T15:46:14+00:00","og_image":[{"width":869,"height":1300,"url":"https:\/\/dual-ethik.fr\/wp-content\/uploads\/2025\/11\/carte-noel-sapin.jpeg","type":"image\/jpeg"}],"twitter_card":"summary_large_image","twitter_misc":{"Prix":"15,00&nbsp;&euro;","Disponibilit\u00e9":"En stock"},"schema":{"@context":"https:\/\/schema.org","@graph":[{"@type":"WebPage","@id":"https:\/\/dual-ethik.fr\/index.php\/produit\/carte-cadeau-joyeux-noel\/","url":"https:\/\/dual-ethik.fr\/index.php\/produit\/carte-cadeau-joyeux-noel\/","name":"Carte cadeau \"Joyeux No\u00ebl\"- Dual&#039;Ethik","isPartOf":{"@id":"https:\/\/dual-ethik.fr\/#website"},"primaryImageOfPage":{"@id":"https:\/\/dual-ethik.fr\/index.php\/produit\/carte-cadeau-joyeux-noel\/#primaryimage"},"image":{"@id":"https:\/\/dual-ethik.fr\/index.php\/produit\/carte-cadeau-joyeux-noel\/#primaryimage"},"thumbnailUrl":"https:\/\/dual-ethik.fr\/wp-content\/uploads\/2025\/11\/carte-noel-sapin.jpeg","datePublished":"2025-11-10T13:29:33+00:00","dateModified":"2025-12-04T15:46:14+00:00","description":"C\u00e9l\u00e9brez les f\u00eates avec la carte-cadeau \"Joyeux No\u00ebl\" Dual'Ethik. Savons et cosm\u00e9tiques faits main en Bretagne, pour un no\u00ebl plein de douceur.","breadcrumb":{"@id":"https:\/\/dual-ethik.fr\/index.php\/produit\/carte-cadeau-joyeux-noel\/#breadcrumb"},"inLanguage":"fr-FR","potentialAction":[{"@type":"ReadAction","target":["https:\/\/dual-ethik.fr\/index.php\/produit\/carte-cadeau-joyeux-noel\/"]}]},{"@type":"ImageObject","inLanguage":"fr-FR","@id":"https:\/\/dual-ethik.fr\/index.php\/produit\/carte-cadeau-joyeux-noel\/#primaryimage","url":"https:\/\/dual-ethik.fr\/wp-content\/uploads\/2025\/11\/carte-noel-sapin.jpeg","contentUrl":"https:\/\/dual-ethik.fr\/wp-content\/uploads\/2025\/11\/carte-noel-sapin.jpeg","width":869,"height":1300,"caption":"Carte cadeau joyeux Noel dans le sapin"},{"@type":"BreadcrumbList","@id":"https:\/\/dual-ethik.fr\/index.php\/produit\/carte-cadeau-joyeux-noel\/#breadcrumb","itemListElement":[{"@type":"ListItem","position":1,"name":"Accueil","item":"https:\/\/dual-ethik.fr\/"},{"@type":"ListItem","position":2,"name":"Produits","item":"https:\/\/dual-ethik.fr\/index.php\/shop\/"},{"@type":"ListItem","position":3,"name":"Carte cadeau \u00ab\u00a0Joyeux No\u00ebl\u00a0\u00bb"}]},{"@type":"WebSite","@id":"https:\/\/dual-ethik.fr\/#website","url":"https:\/\/dual-ethik.fr\/","name":"Dual'Ethik","description":"","publisher":{"@id":"https:\/\/dual-ethik.fr\/#organization"},"potentialAction":[{"@type":"SearchAction","target":{"@type":"EntryPoint","urlTemplate":"https:\/\/dual-ethik.fr\/?s={search_term_string}"},"query-input":{"@type":"PropertyValueSpecification","valueRequired":true,"valueName":"search_term_string"}}],"inLanguage":"fr-FR"},{"@type":"Organization","@id":"https:\/\/dual-ethik.fr\/#organization","name":"Dual'Ethik","url":"https:\/\/dual-ethik.fr\/","logo":{"@type":"ImageObject","inLanguage":"fr-FR","@id":"https:\/\/dual-ethik.fr\/#\/schema\/logo\/image\/","url":"https:\/\/dual-ethik.fr\/wp-content\/uploads\/2025\/02\/logo-dual-ethik.png","contentUrl":"https:\/\/dual-ethik.fr\/wp-content\/uploads\/2025\/02\/logo-dual-ethik.png","width":100,"height":80,"caption":"Dual'Ethik"},"image":{"@id":"https:\/\/dual-ethik.fr\/#\/schema\/logo\/image\/"}}]},"product_price_amount":"15.00","product_price_currency":"EUR","og_availability":"instock","product_availability":"instock","product_condition":"new"},"_links":{"self":[{"href":"https:\/\/dual-ethik.fr\/index.php\/wp-json\/wp\/v2\/product\/2815","targetHints":{"allow":["GET"]}}],"collection":[{"href":"https:\/\/dual-ethik.fr\/index.php\/wp-json\/wp\/v2\/product"}],"about":[{"href":"https:\/\/dual-ethik.fr\/index.php\/wp-json\/wp\/v2\/types\/product"}],"version-history":[{"count":5,"href":"https:\/\/dual-ethik.fr\/index.php\/wp-json\/wp\/v2\/product\/2815\/revisions"}],"predecessor-version":[{"id":2820,"href":"https:\/\/dual-ethik.fr\/index.php\/wp-json\/wp\/v2\/product\/2815\/revisions\/2820"}],"wp:featuredmedia":[{"embeddable":true,"href":"https:\/\/dual-ethik.fr\/index.php\/wp-json\/wp\/v2\/media\/2920"}],"wp:attachment":[{"href":"https:\/\/dual-ethik.fr\/index.php\/wp-json\/wp\/v2\/media?parent=2815"}],"wp:term":[{"taxonomy":"product_brand","embeddable":true,"href":"https:\/\/dual-ethik.fr\/index.php\/wp-json\/wp\/v2\/product_brand?post=2815"},{"taxonomy":"product_cat","embeddable":true,"href":"https:\/\/dual-ethik.fr\/index.php\/wp-json\/wp\/v2\/product_cat?post=2815"},{"taxonomy":"product_tag","embeddable":true,"href":"https:\/\/dual-ethik.fr\/index.php\/wp-json\/wp\/v2\/product_tag?post=2815"}],"curies":[{"name":"wp","href":"https:\/\/api.w.org\/{rel}","templated":true}]}}